9
Calculate 17 - (0 + 12 + (0 - 12)).
17
What is the value of 5 + -15 + (10 + 5 - -6)?
11
(6 - (6 + (-14 - -5))) + -12
-3
Evaluate (3 - 0 - 2) + -112 + 104.
-7
Calculate -3 + -11 - -14 - (-1 + -17).
18
What is the value of 18 - ((7 + 0 - 4) + (2 - -4))?
9
-12 + (-8 - (-8 - (36 - 10)))
14
Evaluate 60 + -39 + 13 + -13.
21
What is the value of -25 + 67 + -35 - (17 - 0)?
-10
What is the value of (16 + -18 - (-11 - (1 - 3))) + 16?
23
What is (5 - (5 - -5)) + -4 + 3?
-6
Calculate -23 - (2 + -10 + (46 - (6 - -26))).
-29
What is ((-15 - 2) + -3 - -15) + 18?
13
-35 + 38 - (8 + -3 + 2)
-4
Calculate -17 + 11 - (-2 - 18).
14
-1 + 14 + 1 + 19 + (-52 - -37)
18
Calculate 0 - (-65 + 31 + 58).
-24
What is the value of 1 - (27 + 3 + -3) - (394 + -403)?
-17
What is 1 + -5 - (-173 + 180)?
-11
Calculate 46 + (-31 - 9) - 35.
-29
Calculate -28 + 39 + -30 + 36.
17
Evaluate 358 - 359 - (-1 - 5).
5
What is -6 - (-2 - (7 - 5))?
-2
Evaluate 20 + -3 + -22 - (-1 + -1 + 2).
-5
What is the value of -62 + 65 + -16 + -11?
-24
-460 + 453 + -6 + 3 + 1 + 0
-9
What is the value of -11 + 20 - 2 - (-5 + 0)?
12
5 - (9 + (-5 - 6) - 6)
13
What is 7 + (17 - 0 - 7)?
17
Evaluate -14 - (1 + -3 + (-20 - -16)) - -2.
-6
Evaluate 49 + (-19 - 9) - -4.
25
What is -118 - -128 - (-2 - (1 + -28))?
-15
What is the value of -11 - 1 - (452 + -446)?
-18
What is (-14 - -6 - (-11 + 12)) + 22?
13
Evaluate (30 - 5) + 0 - (-5 - -11).
19
(27 - -10 - 18) + -18
1
What is the value of -13 + 12 + -8 - (-4 + 3)?
-8
-45 + 58 + -17 + 3
-1
Evaluate 12 + -19 + 16 + (3 - (4 - -2)).
6
2 + (-54 + 75 - ((1 - 4) + 8))
18
What is (1 - 5) + (-7 - -16) - (-30 + 26)?
9
Calculate -19 + -7 + 7 + 9 + (3 - -2).
-5
What is -2 + 9 + -1 + -10 - (0 - 2)?
-2
What is the value of (-10 - (6 - -35)) + 27?
-24
What is 3 - (-8 - ((-25 - 2) + (-56 - -65)))?
-7
What is (1 - (1 - 1)) + (5 - 20) + 8?
-6
-1 - 0 - (-31 - -30 - (1 + 4))
5
Calculate (7 - (1 + -4)) + -11 + 10.
9
What is the value of 2 + 4 + -5 - -12?
13
Evaluate 17 + -17 - (15 - 4 - 42).
31
What is (211 - 209 - (0 - -5)) + 29?
26
Evaluate -8 + (14 - (-4 - 0)).
10
What is the value of -24 + 19 + -5 + (6 - (4 + -8))?
0
What is -18 + 19 + -10 - (9 - 2)?
-16
Calculate -1 - -7 - (-15 - -7 - -9).
5
2 - (2 + -10) - (-61 + 48)
23
What is the value of (13 - 7) + -17 - -3?
-8
Calculate 6 - (11 + (-12 - 1)).
8
Calculate -1 + 7 + (-2 - 5) - 17.
-18
What is the value of (-1 + 13 - 10) + -7 + 19?
14
Evaluate -9 + (0 - (-9 + 9)).
-9
24 - 35 - (-24 - -1)
12
Evaluate (748 - 737) + -1 + 3 + -2.
11
What is the value of (0 - (-5 + 4)) + -8 - -20?
13
8 - -7 - (-2 - 7 - -20)
4
Evaluate -19 + 12 + (-16 - -4 - -4).
-15
Evaluate -21 + 34 - 34 - -9.
-12
What is -13 + -3 - (1 - (-7 + (-7 - -17)))?
-14
What is the value of 3 + (-13 - 23) + (3 - 1) + 6?
-25
Calculate (2 - 1) + 5 - (4 + (20 - 15)).
-3
What is the value of (-31 - -20) + 30 - 28?
-9
What is 12 + -1 - (-34 + -1 + 25)?
21
What is the value of 0 - (-5 + 9) - (0 - (3 - 1))?
-2
What is 21 + -31 + -12 + -5?
-27
What is the value of -6 - (-11 - -12) - 22 - (-8 - -3)?
-24
231 - 225 - (0 - -11)
-5
What is the value of -8 + 0 + 11 + (-20 - -33)?
16
Evaluate -11 - 1 - (159 + -172) - -11.
12
Calculate 15 + -12 + 28 + -15.
16
(3 - 25) + 56 + -53
-19
What is the value of 76 + -72 - (-8 + 28 + (0 - 4))?
-12
-18 + 63 + -43 + -7
-5
Evaluate -18 - 1 - (-2 + -25).
8
Evaluate -12 - (-26 - -13) - -1 - -11.
13
What is the value of (-1 - 14) + 12 + 23 - (-4 + -2)?
26
What is -2 - -14 - (2 - 17 - -18)?
9
7 - ((5 - (6 + -1)) + 9)
-2
Evaluate -12 - (-3 - -35) - (-8 + -7 - -4).
-33
Evaluate 40 - 41 - (-11 + 2 - -6).
2
Evaluate -6 - (12 + -10 - 9).
1
What is (5 + -13 - -20) + 0 + -12?
0
Evaluate -19 + -7 + -1 - (-14 - -2).
-15
Evaluate (-59 + 122 - 73) + 25 + -1.
14
15 - 0 - (15 - (-8 - -1))
-7
What is the value of 15 + -44 + 21 - (0 - -23)?
-31
Evaluate 11 + (2 - (3 + -9)) - 12.
7
Evaluate 11 - (17 + -11) - (3 + 2 - 1).
1
22 + (80 - 79) - (0 + -1 + -2)
26
Calculate (-15 - -17) + (3 - -4) - -1.
10
Calculate -2 - 11 - (47 - 73).
13
What is 4 - ((-10 - -8) + 5) - -11?
12
Evaluate (17 - (-8 - -13) - 3) + -4.
5
Calculate -13 - (-4 + 8 + -2).
-15
Calculate (-1 - (1 + (-3 - -5 - 3))) + 6.
5
What is 4 + (6 - 1) + (-14 - -3) - 6?
-8
Evaluate 6 + -17 - (-10 - (-12 - -19)).
6
What is (-7 - (-9 - 6)) + -14?
-6
Evaluate 28 - ((14 - (15 - 6)) + -5).
28
Calculate 14 - 2 - (-116 - -108).
20
Evaluate (1 - 3 - (-3 + -1)) + 9.
11
What is the value of (-1 - 0) + 4 + 2 + (-22 - -9)?
-8
What is the value of 44 - (11 - (-51 - -32))?
14
11 + (-18 + (57 - 37) - (1 + 0))
12
What is -17 + (-5 - (-13 - 3))?
-6
Evaluate -10 + -16 + 5 + 10 - -27.
16
Evaluate -13 + 28 + 24 + -21.
18
What is -13 + -1 + (-12 + 30 - -4)?
8
Evaluate 3 + (-12 - -2) + (-15 - -19).
-3
What is the value of 5 - (14 - (18 - 7)) - 12?
-10
Calculate 25 - (-15 - -4) - 32.
4
Evaluate -22 + 0 - (-3 - 9).
-10
What is the value of -12 - ((-19 - -2) + -5) - (0 + -9)?
19
(10 - (3 - -16)) + (0 - -6)
-3
(0 - 0) + -4 + (2 - -3) - 5
-4
What is the value of 11 - (6 + (2 - 6) + 20 + -18)?
7
(-18 - (17 + -17)) + 8
-10
Calculate (-7 - (3 - 14)) + -14.
-10
(2 - 4) + (-7 - -1) - (2171 + -2158)
-21
What is the value of -1 + (-9 - -9) + -5 + -6?
-12
What is (-19 - -38) + -4 + -32?
-17
Evaluate (-28 - -16) + 33 + -16 + 0 + 11.
16
What is the value of 5 + -12 + 25 + 3?
21
(16 - 11 - (3 - 2) - 10) + 13
7
Evaluate 28 + -21 + (4 + -5 - -1) + -4.
3
-8 - 11 - (-19 + -2 + 7)
-5
What is (-2 + 4 - (-11 + 17)) + 10?
6
-9 - (-3 - (4 - -4 - 17))
-15
(3 - 9) + -4 + (33 - (0 - -4))
19
(18 - (51 - 27)) + (7 - -2)
3
Calculate 11 + (14 + -9 + -9 - -1).
8
What is the value of -40 + (24 + -53 - -44)?
-25
Calculate -1 - 0 - (124 + -116) - 3.
-12
(11 - (0 - 0)) + (17 + -38 - -27)
17
(-3 - -7) + 3 + 0 + 0 - -5
12
What is (13 - -3) + -13 - 17?
-14
What is -4 + 7 + -3 + (-7 - 17) + 6?
-18
What is -4 + (-1 - (12 - (-12 - -35)))?
6
-22 + -58 + 28 + 70
18
What is the value of -3 + (1 - (-3 + 10)) + 5 + 2?
-2
Evaluate -26 - ((-5 - 1) + -5).
-15
Evaluate -117 + 117 + 5 + -2.
3
12 - (4 + 15 - 16)
9
Calculate 2 + (-27 - 9) + (-8 - -19).
-23
What is the value of -4 + 15 + -24 + 15?
2
Evaluate (26 + -7 - (-3 - -20)) + -32.
-30
Evaluate (-2 - (2 - 9)) + (19 - 28).
-4
Evaluate -2 - -8 - (8 - (5 - 14)) - -2.
-9
Calculate -18 + (0 - 2) - (887 - 868).
-39
Evaluate -1 + 0 + -1 + (2 + -7 - -5).
-2
What is the value of 10 + -14 + -8 + 1 + 10?
-1
Calculate -23 + 19 + -6 - -14.
4
What is the value of (-2 - 0 - (33 - 31)) + 6 + 2?
4
11 - (-6 - -44) - -6
-21
What is (-20 - -1) + (16 - (25 + -8))?
-20
What is -19 + 37 + -5 + 10 + 0?
23
What is -2 + (6 - (-4 - 6)) + -8 + -10?
-4
Calculate 1 - ((-6 - -8 - -2 - 1) + -7).
5
0 - 7 - ((-2 - 2) + 51 + -53)
-1
What is the value of -13 + 19 + 17 + (9 - -1)?
33
-4 - (4 - (-3 + -3))
-14
Calculate (46 - 14) + -49 + (-2 - 1).
-20
What is the value of -24 - ((8 - 55) + 6)?
17
-2 + -19 + 15 + -1 + 16
9
What is 36 + -21 + -11 + -2 + -10?
-8
What is (25 + -17 - 17) + 3 + -2?
-8
Evaluate (29 - 29) + 20 + -11 + -1.
8
Evaluate 16 - (6 - 1) - 4.
7
What is (-1 - 0) + 11 + (47 - 44) + -2?
11
What is the value of (-9 + 14 - 10) + 14 + 3?
12
Calculate -6 - 10 - (-6 - 29).
19
What is -7 + 6 + 19 + -3 + (-2 - -4)?
17
What is the value of -34 + (46 - (-1 + 20))?
-7
Calculate (-2 + (20 - 13) - (7 - 3)) + 19.
20
-9 + (15 - (27 - 15))
-6
Calculate 3 - (-6 + 7 - 24).
26
What is 18 + -12 + -7 + 0?
-1
Calculate (72 - (45 + -14)) + -25.
16
9 + 8 + -20 + 13
10
What is the value of (-128 - -128) + (11 - 1)?
10
Evaluate -25 + (21 - 20) - -20.
-4
What is (-41 - -34) + (-2 - -7 - -1)?
-1
What is 0 - ((0 + 7 - -8) + -8 + 2)?
-9
10 + 0 + (-7 + 12 - 0)
15
Calculate -8 + 10 - (11 - (24 - 12)).
3
What is 45 + -32 - (14 + 0)?
-1
Calculate -392 + 439 - (81 + -1).
-33
What is the value of 1 - (-38 - -30) - (1 + 10)?
-2
What is 33 + (-4 - (13 - 9)) + -2?
23
8 - (-17 - -22 - 7)
10
What is the value of (-2 - -8) + (25 - 22)?
9
What is the value of -2 + 18 + -18 + -10?
-12
Calculate -7 - (-23 - (-10 + -6)).
0
What is the value of -30 - -49 - (12 + -3)?
10
(-27 + 8 - -11) + -2
-10
Calculate 18 + -27 + (-2 - -16).
5
(-5 - 0) + 1 + -7
-11
18 + -87 + 29 - -24
-16
Calculate -14 + 0 + (-4 - -7) + 1.
-10
What is (-2 - -15 - 11) + -13?
-11
What is the value of (6 - 2) + (8 + 2 - 14) + 7?
7
What is th